51.
13, 1627
List the prime factors of 763.
7, 109
What are the prime factors of 532?
2, 7, 19
What are the prime factors of 4371?
3, 31, 47
What are the prime factors of 9024?
2, 3, 47
What are the prime factors of 92147?
11, 8377
List the prime factors of 62305.
5, 17, 733
What are the prime factors of 1607?
1607
What are the prime factors of 1073?
29, 37
List the prime factors of 2541.
3, 7, 11
What are the prime factors of 625?
5
What are the prime factors of 14910?
2, 3, 5, 7, 71
List the prime factors of 4356.
2, 3, 11
What are the prime factors of 12001?
11, 1091
What are the prime factors of 2874?
2, 3, 479
List the prime factors of 55656.
2, 3, 773
What are the prime factors of 58965?
3, 5, 3931
What are the prime factors of 1588?
2, 397
List the prime factors of 15048.
2, 3, 11, 19
What are the prime factors of 59360?
2, 5, 7, 53
What are the prime factors of 11469?
3, 3823
List the prime factors of 122299.
122299
What are the prime factors of 119418?
2, 3, 13, 1531
List the prime factors of 851.
23, 37
List the prime factors of 54454.
2, 19, 1433
List the prime factors of 17572.
2, 23, 191
What are the prime factors of 1839?
3, 613
What are the prime factors of 736?
2, 23
List the prime factors of 2764.
2, 691
List the prime factors of 65266.
2, 32633
List the prime factors of 374.
2, 11, 17
List the prime factors of 1411.
17, 83
What are the prime factors of 6887?
71, 97
What are the prime factors of 1850?
2, 5, 37
What are the prime factors of 1040?
2, 5, 13
What are the prime factors of 1090?
2, 5, 109
List the prime factors of 4664.
2, 11, 53
List the prime factors of 943.
23, 41
What are the prime factors of 1145?
5, 229
What are the prime factors of 61107?
3, 20369
List the prime factors of 391.
17, 23
List the prime factors of 4415.
5, 883
What are the prime factors of 20457?
3, 2273
List the prime factors of 63463.
63463
List the prime factors of 66559.
101, 659
What are the prime factors of 2016?
2, 3, 7
List the prime factors of 339.
3, 113
List the prime factors of 1791.
3, 199
List the prime factors of 52249.
52249
What are the prime factors of 864?
2, 3
What are the prime factors of 777?
3, 7, 37
List the prime factors of 32532.
2, 3, 2711
What are the prime factors of 95705?
5, 19141
What are the prime factors of 24929?
97, 257
List the prime factors of 4.
2
What are the prime factors of 80065?
5, 67, 239
List the prime factors of 110.
2, 5, 11
What are the prime factors of 11309?
43, 263
What are the prime factors of 5570?
2, 5, 557
List the prime factors of 1003.
17, 59
What are the prime factors of 12557?
29, 433
What are the prime factors of 2636?
2, 659
What are the prime factors of 3369?
3, 1123
List the prime factors of 824.
2, 103
What are the prime factors of 1891?
31, 61
What are the prime factors of 39063?
3, 29, 449
What are the prime factors of 302?
2, 151
What are the prime factors of 72891?
3, 7, 13, 89
What are the prime factors of 69338?
2, 37, 937
List the prime factors of 33285.
3, 5, 7, 317
List the prime factors of 2137.
2137
What are the prime factors of 19758?
2, 3, 37, 89
What are the prime factors of 29302?
2, 7, 13, 23
What are the prime factors of 23930?
2, 5, 2393
What are the prime factors of 896?
2, 7
List the prime factors of 250.
2, 5
What are the prime factors of 23921?
19, 1259
List the prime factors of 8455.
5, 19, 89
List the prime factors of 41672.
2, 5209
What are the prime factors of 167348?
2, 17, 23, 107
List the prime factors of 62047.
62047
What are the prime factors of 2705?
5, 541
List the prime factors of 431.
431
List the prime factors of 31720.
2, 5, 13, 61
List the prime factors of 34726.
2, 97, 179
What are the prime factors of 18?
2, 3
What are the prime factors of 9137?
9137
List the prime factors of 11476.
2, 19, 151
What are the prime factors of 162629?
162629
List the prime factors of 35522.
2, 17761
List the prime factors of 5145.
3, 5, 7
List the prime factors of 88067.
7, 23, 547
List the prime factors of 7205.
5, 11, 131
What are the prime factors of 126084?
2, 3, 7, 19, 79
What are the prime factors of 75182?
2, 37591
What are the prime factors of 17001?
3, 1889
What are the prime factors of 8699?
8699
What are the prime factors of 11?
11
List the prime factors of 599.
599
What are the prime factors of 15604?
2, 47, 83
List the prime factors of 3957.
3, 1319
List the prime factors of 1419.
3, 11, 43
List the prime factors of 16790.
2, 5, 23, 73
List the prime factors of 1303.
1303
List the prime factors of 50259.
3, 11, 1523
List the prime factors of 4721.
4721
List the prime factors of 30976.
2, 11
What are the prime factors of 1865?
5, 373
List the prime factors of 1775.
5, 71
What are the prime factors of 12750?
2, 3, 5, 17
List the prime factors of 10551.
3, 3517
List the prime factors of 7125.
3, 5, 19
What are the prime factors of 2053?
2053
What are the prime factors of 10427?
10427
List the prime factors of 110.
2, 5, 11
What are the prime factors of 1300?
2, 5, 13
What are the prime factors of 20031?
3, 11, 607
List the prime factors of 51867.
3, 17, 113
What are the prime factors of 867?
3, 17
What are the prime factors of 23515?
5, 4703
List the prime factors of 7795.
5, 1559
List the prime factors of 2946.
2, 3, 491
What are the prime factors of 15222?
2, 3, 43, 59
List the prime factors of 162129.
3, 11, 17
List the prime factors of 8936.
2, 1117
List the prime factors of 2068.
2, 11, 47
What are the prime factors of 4739?
7, 677
List the prime factors of 914.
2, 457
What are the prime factors of 3874?
2, 13, 149
List the prime factors of 7675.
5, 307
What are the prime factors of 1935?
3, 5, 43
What are the prime factors of 48278?
2, 101, 239
What are the prime factors of 125364?
2, 3, 31, 337
List the prime factors of 7798.
2, 7, 557
What are the prime factors of 1382?
2, 691
What are the prime factors of 7990?
2, 5, 17, 47
List the prime factors of 2335.
5, 467
List the prime factors of 387.
3, 43
List the prime factors of 657.
3, 73
List the prime factors of 37692.
2, 3, 349
List the prime factors of 2011.
2011
What are the prime factors of 235?
5, 47
List the prime factors of 1205.
5, 241
What are the prime factors of 66569?
66569
What are the prime factors of 1692?
2, 3, 47
What are the prime factors of 754?
2, 13, 29
List the prime factors of 134546.
2, 67273
What are the prime factors of 22855?
5, 7, 653
List the prime factors of 8753.
8753
What are the prime factors of 472?
2, 59
List the prime factors of 4350.
2, 3, 5, 29
List the prime factors of 1155.
3, 5, 7, 11
List the prime factors of 146021.
146021
What are the prime factors of 10943?
31, 353
List the prime factors of 2204.
2, 19, 29
List the prime factors of 7416.
2, 3, 103
List the prime factors of 30372.
2, 3, 2531
What are the prime factors of 5856?
2, 3, 61
List the prime factors of 3032.
2, 379
What are the prime factors of 37732?
2, 9433
List the prime factors of 1377.
3, 17
List the prime factors of 16634.
2, 8317
List the prime factors of 61732.
2, 11, 23, 61
List the prime factors of 38222.
2, 29, 659
What are the prime factors of 11401?
13, 877
What are the prime factors of 218?
2, 109
What are the prime factors of 99243?
3, 11027
List the prime factors of 10026.
2, 3, 557
List the prime factors of 84259.
7, 12037
List the prime factors of 389.
389
List the prime factors of 19968.
2, 3, 13
What are the prime factors of 63661?
13, 59, 83
What are the prime factors of 1794?
2, 3, 13, 23
List the prime factors of 110354.
2, 23, 2399
List the prime factors of 1348.
2, 337
What are the prime factors of 2358?
2, 3, 131
What are the prime factors of 8656?
2, 541
What are the prime factors of 6255?
3, 5, 139
List the prime factors of 2944.
2, 23
What are the prime factors of 9167?
89, 103
What are the prime factors of 1466?
2, 733
List the prime factors of 5073.
3, 19, 89
List the prime factors of 24615.
3, 5, 547
What are the prime factors of 2019?
3, 673
What are the prime factors of 16774?
2, 8387
What are the prime factors of 2747?
41, 67
What are the prime factors of 1112?
2, 139
What are the prime factors of 2141?
2141
What are the prime factors of 2541?
3, 7, 11
List the prime factors of 16119.
3, 199
What are the prime factors of 1285?
5, 257
List the prime factors